1
What is the units digit of 342318?
8
What is the hundred thousands digit of 34346603?
3
What is the ten thousands digit of 4656793?
5
What is the hundred thousands digit of 1673284?
6
What is the millions digit of 1347489?
1
What is the millions digit of 4664815?
4
What is the units digit of 1516?
6
What is the tens digit of 5701?
0
What is the ten thousands digit of 74631?
7
What is the hundred thousands digit of 8163698?
1
What is the ten thousands digit of 1049558?
4
What is the thousands digit of 53173?
3
What is the units digit of 23799347?
7
What is the hundreds digit of 61160?
1
What is the ten thousands digit of 88196?
8
What is the thousands digit of 1160939?
0
What is the ten thousands digit of 1101879?
0
What is the hundreds digit of 14527355?
3
What is the ten thousands digit of 1815574?
1
What is the millions digit of 9188249?
9
What is the units digit of 302122?
2
What is the hundred thousands digit of 1122506?
1
What is the tens digit of 12276978?
7
What is the hundreds digit of 10480014?
0
What is the units digit of 34743496?
6
What is the ten thousands digit of 16475?
1
What is the thousands digit of 5645193?
5
What is the thousands digit of 7710377?
0
What is the tens digit of 299368?
6
What is the hundred thousands digit of 2639060?
6
What is the units digit of 4516003?
3
What is the hundreds digit of 141676?
6
What is the ten thousands digit of 168027?
6
What is the hundred thousands digit of 4946569?
9
What is the units digit of 99408?
8
What is the hundreds digit of 911927?
9
What is the ten thousands digit of 1666861?
6
What is the ten millions digit of 12581095?
1
What is the units digit of 7985730?
0
What is the thousands digit of 2993691?
3
What is the ten thousands digit of 11448744?
4
What is the hundred thousands digit of 9444128?
4
What is the hundred thousands digit of 341657?
3
What is the tens digit of 2658372?
7
What is the hundred thousands digit of 1710593?
7
What is the hundreds digit of 51728?
7
What is the thousands digit of 5250122?
0
What is the tens digit of 427394?
9
What is the tens digit of 1152645?
4
What is the thousands digit of 966172?
6
What is the hundreds digit of 198524?
5
What is the ten thousands digit of 660698?
6
What is the tens digit of 1631062?
6
What is the tens digit of 7716551?
5
What is the ten thousands digit of 6407384?
0
What is the tens digit of 8207667?
6
What is the millions digit of 1217768?
1
What is the hundreds digit of 70268?
2
What is the thousands digit of 16100709?
0
What is the units digit of 4593445?
5
What is the ten thousands digit of 1532992?
3
What is the millions digit of 14963597?
4
What is the thousands digit of 8054521?
4
What is the tens digit of 618056?
5
What is the hundreds digit of 468092?
0
What is the ten thousands digit of 1026690?
2
What is the thousands digit of 1131369?
1
What is the ten millions digit of 12104480?
1
What is the ten thousands digit of 45625?
4
What is the hundreds digit of 4831561?
5
What is the millions digit of 2587767?
2
What is the tens digit of 3222060?
6
What is the hundreds digit of 84315?
3
What is the tens digit of 18776?
7
What is the units digit of 3438988?
8
What is the hundred thousands digit of 922012?
9
What is the ten thousands digit of 4422171?
2
What is the hundred thousands digit of 163226?
1
What is the thousands digit of 2576364?
6
What is the hundreds digit of 116184?
1
What is the ten thousands digit of 2248412?
4
What is the hundreds digit of 37479?
4
What is the thousands digit of 2514062?
4
What is the ten thousands digit of 8907337?
0
What is the millions digit of 15530005?
5
What is the hundreds digit of 15495065?
0
What is the hundred thousands digit of 2540707?
5
What is the ten thousands digit of 283216?
8
What is the hundreds digit of 890411?
4
What is the units digit of 7879563?
3
What is the tens digit of 83445?
4
What is the units digit of 2922065?
5
What is the hundred thousands digit of 8839991?
8
What is the tens digit of 19635007?
0
What is the ten thousands digit of 51298?
5
What is the hundreds digit of 2416287?
2
What is the units digit of 840514?
4
What is the ten thousands digit of 209201?
0
What is the units digit of 778428?
8
What is the units digit of 6329944?
4
What is the units digit of 14316851?
1
What is the tens digit of 93105?
0
What is the millions digit of 1487462?
1
What is the ten thousands digit of 5771267?
7
What is the tens digit of 606655?
5
What is the hundred thousands digit of 4903083?
9
What is the hundred thousands digit of 676695?
6
What is the hundreds digit of 717554?
5
What is the thousands digit of 2003003?
3
What is the tens digit of 73495?
9
What is the units digit of 940000?
0
What is the hundreds digit of 8172661?
6
What is the ten thousands digit of 934237?
3
What is the tens digit of 1464842?
4
What is the units digit of 65324?
4
What is the tens digit of 170713?
1
What is the hundreds digit of 187301?
3
What is the units digit of 50283?
3
What is the millions digit of 15936597?
5
What is the hundred thousands digit of 1134822?
1
What is the hundreds digit of 1598918?
9
What is the hundred thousands digit of 6197826?
1
What is the tens digit of 1492940?
4
What is the units digit of 98369?
9
What is the thousands digit of 184192?
4
What is the hundreds digit of 641438?
4
What is the millions digit of 2068776?
2
What is the units digit of 1096260?
0
What is the ten thousands digit of 2400893?
0
What is the units digit of 1401550?
0
What is the thousands digit of 1024240?
4
What is the ten thousands digit of 93953?
9
What is the hundred thousands digit of 219018?
2
What is the ten thousands digit of 457610?
5
What is the hundred thousands digit of 307482?
3
What is the tens digit of 313041?
4
What is the ten thousands digit of 196164?
9
What is the tens digit of 532097?
9
What is the millions digit of 8039331?
8
What is the hundred thousands digit of 284211?
2
What is the ten thousands digit of 370325?
7
What is the hundred thousands digit of 221038?
2
What is the thousands digit of 406552?
6
What is the hundred thousands digit of 153268?
1
What is the hundred thousands digit of 17154262?
1
What is the thousands digit of 23146036?
6
What is the hundreds digit of 47281?
2
What is the units digit of 304314?
4
What is the units digit of 6247772?
2
What is the hundreds digit of 218198?
1
What is the thousands digit of 6283396?
3
What is the thousands digit of 6598617?
8
What is the units digit of 23757204?
4
What is the hundred thousands digit of 6738658?
7
What is the units digit of 61779?
9
What is the hundreds digit of 290145?
1
What is the thousands digit of 14813948?
3
What is the tens digit of 4780112?
1
What is the hundred thousands digit of 356857?
3
What is the thousands digit of 1514120?
4
What is the units digit of 38050939?
9
What is the tens digit of 9955625?
2
What is the units digit of 485623?
3
What is the tens digit of 200639?
3
What is the tens digit of 2516414?
1
What is the hundreds digit of 197999?
9
What is the units digit of 3598867?
7
What is the tens digit of 8380931?
3
What is the units digit of 9825999?
9
What is the tens digit of 14151769?
6
What is the tens digit of 1971706?
0
What is the tens digit of 3809804?
0
What is the thousands digit of 121192?
1
What is the hundreds digit of 6481840?
8
What is the tens digit of 61653?
5
What is the thousands digit of 440579?
0
What is the thousands digit of 4570106?
0
What is the millions digit of 3793522?
3
What is the ten thousands digit of 976533?
7
What is the units digit of 455587?
7
What is the tens digit of 1434977?
7
What is the tens digit of 127187?
8
What is the hundreds digit of 3096708?
7
What is the ten thousands digit of 69379?
6
What is the hundred thousands digit of 177134?
1
What is the ten thousands digit of 6572431?
7
What is the units digit of 262554?
4
What is the thousands digit of 222138?
2
What is the hundred thousands digit of 2757482?
7
What is the units digit of 21486541?
1
What is the units digit of 419238?
8
What is the units digit of 204356?
6
What is the millions digit of 31322839?
1
What is the ten thousands digit of 752968?
5
What is the ten thousands digit of 1056188?
5
What is the hundred thousands digit of 4029353?
0
What is the hundreds digit of 30